7 is divided by 271946?
1
What is the remainder when 34281 is divided by 68?
9
What is the remainder when 38877 is divided by 15?
12
What is the remainder when 2591 is divided by 157?
79
What is the remainder when 212704 is divided by 1131?
76
What is the remainder when 376 is divided by 126?
124
What is the remainder when 21703 is divided by 92?
83
What is the remainder when 12186 is divided by 76?
26
Calculate the remainder when 10006 is divided by 263.
12
Calculate the remainder when 54460 is divided by 27177.
106
What is the remainder when 53291 is divided by 26?
17
What is the remainder when 3190 is divided by 3011?
179
Calculate the remainder when 21466 is divided by 2138.
86
Calculate the remainder when 72760 is divided by 51.
34
Calculate the remainder when 372555 is divided by 113.
107
Calculate the remainder when 1143 is divided by 784.
359
What is the remainder when 232821 is divided by 1687?
15
Calculate the remainder when 525448 is divided by 40419.
1
Calculate the remainder when 73343 is divided by 34.
5
Calculate the remainder when 92515 is divided by 13.
7
Calculate the remainder when 5674 is divided by 94.
34
Calculate the remainder when 35777 is divided by 30.
17
What is the remainder when 7629 is divided by 7590?
39
Calculate the remainder when 146646 is divided by 5640.
6
Calculate the remainder when 133309 is divided by 102.
97
What is the remainder when 12567 is divided by 461?
120
What is the remainder when 4142579 is divided by 1410?
1409
Calculate the remainder when 3323 is divided by 1613.
97
What is the remainder when 6827 is divided by 2162?
341
Calculate the remainder when 224430 is divided by 10201.
8
What is the remainder when 710 is divided by 224?
38
Calculate the remainder when 2157 is divided by 389.
212
Calculate the remainder when 5927 is divided by 3353.
2574
Calculate the remainder when 885235 is divided by 242.
241
What is the remainder when 354000 is divided by 22?
20
Calculate the remainder when 25630 is divided by 712.
710
What is the remainder when 1022 is divided by 1017?
5
Calculate the remainder when 2212 is divided by 462.
364
What is the remainder when 9569 is divided by 92?
1
Calculate the remainder when 3341 is divided by 11.
8
What is the remainder when 209900 is divided by 183?
182
What is the remainder when 6626 is divided by 31?
23
Calculate the remainder when 58362 is divided by 304.
298
What is the remainder when 176413 is divided by 2100?
13
What is the remainder when 21260 is divided by 207?
146
What is the remainder when 239154 is divided by 5435?
14
Calculate the remainder when 206410 is divided by 1012.
974
Calculate the remainder when 440980 is divided by 882.
862
Calculate the remainder when 99690 is divided by 394.
8
Calculate the remainder when 25751 is divided by 303.
299
What is the remainder when 2810 is divided by 198?
38
Calculate the remainder when 148549 is divided by 39.
37
Calculate the remainder when 356261 is divided by 2699.
2692
What is the remainder when 414807 is divided by 10?
7
What is the remainder when 5212 is divided by 2537?
138
What is the remainder when 1346 is divided by 437?
35
Calculate the remainder when 2897 is divided by 2118.
779
Calculate the remainder when 45875 is divided by 96.
83
What is the remainder when 107814 is divided by 53846?
122
Calculate the remainder when 94725 is divided by 1439.
1190
What is the remainder when 2877 is divided by 80?
77
What is the remainder when 39300 is divided by 27?
15
What is the remainder when 4866 is divided by 597?
90
Calculate the remainder when 75769 is divided by 75735.
34
Calculate the remainder when 214102 is divided by 10195.
7
What is the remainder when 62702 is divided by 590?
162
What is the remainder when 22096 is divided by 68?
64
Calculate the remainder when 42125 is divided by 48.
29
Calculate the remainder when 137 is divided by 83.
54
Calculate the remainder when 51706 is divided by 3693.
4
Calculate the remainder when 28780 is divided by 515.
455
What is the remainder when 27589 is divided by 27589?
0
Calculate the remainder when 2444 is divided by 606.
20
What is the remainder when 2089 is divided by 3?
1
What is the remainder when 125200 is divided by 32?
16
Calculate the remainder when 1449787 is divided by 48.
43
Calculate the remainder when 28930 is divided by 28925.
5
Calculate the remainder when 792496 is divided by 374.
364
Calculate the remainder when 76010 is divided by 309.
305
What is the remainder when 30001 is divided by 600?
1
What is the remainder when 38163 is divided by 4768?
19
Calculate the remainder when 18182 is divided by 172.
122
What is the remainder when 234966 is divided by 2526?
48
Calculate the remainder when 3282 is divided by 31.
27
What is the remainder when 32672 is divided by 34?
32
Calculate the remainder when 10568 is divided by 880.
8
Calculate the remainder when 23748 is divided by 280.
228
What is the remainder when 472 is divided by 224?
24
Calculate the remainder when 60238 is divided by 4.
2
What is the remainder when 772517 is divided by 248?
245
Calculate the remainder when 64191 is divided by 43.
35
What is the remainder when 18700 is divided by 9299?
102
Calculate the remainder when 1592 is divided by 398.
0
Calculate the remainder when 281519 is divided by 40216.
7
What is the remainder when 131780 is divided by 1831?
1779
What is the remainder when 27261 is divided by 216?
45
What is the remainder when 111507 is divided by 10136?
11
Calculate the remainder when 1498 is divided by 936.
562
What is the remainder when 328672 is divided by 950?
922
What is the remainder when 20256 is divided by 5037?
108
What is the remainder when 102388 is divided by 726?
22
What is the remainder when 63468 is divided by 4532?
20
Calculate the remainder when 3416 is divided by 198.
50
Calculate the remainder when 5911 is divided by 483.
115
Calculate the remainder when 10155 is divided by 137.
17
What is the remainder when 49463 is divided by 27?
26
What is the remainder when 16391 is divided by 1804?
155
Calculate the remainder when 48829 is divided by 669.
661
Calculate the remainder when 87379 is divided by 170.
169
Calculate the remainder when 589953 is divided by 49.
42
What is the remainder when 3049 is divided by 938?
235
Calculate the remainder when 43543 is divided by 140.
3
What is the remainder when 243681 is divided by 6962?
11
Calculate the remainder when 386636 is divided by 969.
5
What is the remainder when 24825 is divided by 974?
475
Calculate the remainder when 7960 is divided by 319.
304
Calculate the remainder when 22859 is divided by 2076.
23
Calculate the remainder when 311 is divided by 52.
51
Calculate the remainder when 897495 is divided by 902.
5
Calculate the remainder when 5365 is divided by 535.
15
What is the remainder when 248721 is divided by 165?
66
What is the remainder when 1762 is divided by 67?
20
What is the remainder when 9250 is divided by 132?
10
What is the remainder when 5750 is divided by 5526?
224
Calculate the remainder when 2374 is divided by 98.
22
Calculate the remainder when 11228 is divided by 10285.
943
Calculate the remainder when 27881 is divided by 14.
7
Calculate the remainder when 12333 is divided by 235.
113
Calculate the remainder when 1049 is divided by 831.
218
Calculate the remainder when 9331 is divided by 181.
100
What is the remainder when 24320 is divided by 4775?
445
What is the remainder when 24479 is divided by 7935?
674
What is the remainder when 19521 is divided by 105?
96
What is the remainder when 7179 is divided by 273?
81
Calculate the remainder when 615963 is divided by 153987.
15
What is the remainder when 34310 is divided by 87?
32
Calculate the remainder when 4057 is divided by 139.
26
Calculate the remainder when 377937 is divided by 22.
21
What is the remainder when 53559 is divided by 17712?
423
Calculate the remainder when 1215643 is divided by 1608.
1603
Calculate the remainder when 2278 is divided by 94.
22
What is the remainder when 7195 is divided by 14?
13
Calculate the remainder when 59013 is divided by 15.
3
Calculate the remainder when 75437 is divided by 11.
10
Calculate the remainder when 2155606 is divided by 273.
271
Calculate the remainder when 9670 is divided by 54